Let q(j) = -j**2 + 0*j - 7*j + 0*j - 7 - 3*j. Let d be q(-9). Suppose -p - d*p = -33. What is the tens digit of p?
1
Let p = 5 - 11. Let b be -6*-1*(-2)/p. Suppose -2 = -x - b*v - 1, -5*x - 3*v = -12. What is the units digit of x?
3
What is the units digit of 6*((-11)/6 - -3)?
7
Suppose 0 = -2*j - 3*m - 17, 3*m + 9 = -6. Let w(k) = 5*k + 1. Let q be w(j). What is the units digit of 44/10 - q/(-10)?
4
Let s(v) = -1 - 1 - 5*v - 4*v. What is the units digit of s(-1)?
7
Let o be 10/(-15)*(-54)/4. Let r(j) = -j**2 + 10*j + 1. What is the tens digit of r(o)?
1
Suppose 4 = 5*b - 31. What is the units digit of (-1)/(3/(-3))*b?
7
Suppose 0 = -2*i + 4*i. Suppose 0 = 5*n + 2*u - 84, n + 0*n - 3*u - 27 = i. What is the tens digit of n?
1
Let s be (2 - 12/(-21))*7. Suppose -6*x = -2*x - 8. Suppose -x*p + s = p. What is the units digit of p?
6
Let n(z) be the third derivative of 1/6*z**4 + z**2 - 1/60*z**5 + 5/6*z**3 + 0*z + 0. What is the units digit of n(4)?
5
Let v(q) = 3*q**2 - 11*q + 1. Let y(z) = -4*z**2 + 16*z - 1. Let o(r) = 7*v(r) + 5*y(r). What is the units digit of o(3)?
0
Suppose 0 = -7*j + 3*j + 12. Suppose 0 = -8*l + j*l + 40. What is the units digit of l?
8
Suppose 0 = 5*f + 5*k - 255 - 60, k = 4*f - 232. What is the units digit of f?
9
Suppose 5*o + 35 = -25. Let f = -5 + 22. Let s = f + o. What is the units digit of s?
5
Let u(f) = -f**2 + 12*f - 15. What is the units digit of u(10)?
5
Let b(d) = -d**2 - 5*d - 1. Let q be b(-5). Let n be q - (1 - 0)*3. Let w(c) = c**2 + 4*c + 3. What is the units digit of w(n)?
3
Suppose 87 = 4*q - 153. What is the units digit of q?
0
Let b(v) = v**2 + 5*v + 3. Let t be 2/(-6)*(3 - -12). Let r be b(t). Let m(j) = -j + 4. What is the units digit of m(r)?
1
Let g(b) = b**2 + 1. Let h(r) = -3*r**2 - 9. Let p(v) = -2*g(v) - h(v). What is the units digit of p(0)?
7
Let q(c) = c + 35. What is the units digit of q(0)?
5
Suppose 0*s - s + 5 = 0. Suppose -62 = -5*w - q - 0, -4*w + 38 = -s*q. What is the units digit of w?
2
Let t(s) be the first derivative of s**4/24 - s**3/3 - s**2/2 - 3. Let l(g) be the second derivative of t(g). What is the units digit of l(7)?
5
Let t be (27/12)/(12/32). Let q be (-9)/t*(-16)/6. Suppose -3*y = -7 + q. What is the units digit of y?
1
Let d(k) = 2*k**2 - 6*k - 5. What is the tens digit of d(7)?
5
Let d = -12 - -17. Suppose -29 = -3*a - 3*u + 7*u, a = -d*u - 3. Suppose -3*z + a = -23. What is the tens digit of z?
1
Suppose -3*i + 6 = -0*i. Let c = 0 + 0. Let u = i + c. What is the units digit of u?
2
Suppose -5*r + 2220 = 5*r. What is the hundreds digit of r?
2
Let s = 109 - 68. Let j = s - 18. What is the units digit of j?
3
Let j be 3 + (1 - 12/3). Suppose -3*i - 6 = j, 18 = -0*x + 4*x + 5*i. What is the units digit of x?
7
Let u(y) = 2 + 8*y**2 - 14*y**3 + 15*y**3 + 0*y + 5 + y. Let f be u(-8). What is the tens digit of (2 + f)/(3/36)?
1
Suppose 0 = -4*o - 3 + 19, -j + o - 2 = 0. Let l = -44 + 82. Suppose 0 = -k + 5*m + l, -4*m = -3*k + j*k + 33. What is the tens digit of k?
1
Suppose -7 - 3 = -2*g. Suppose p = -3, z + 4*p = -0*z - 9. Let w = g - z. What is the units digit of w?
2
Let a be (2 - 4)*(3 + -1). Let v be (-1 - 2/(-6))*-27. Let o = v + a. What is the units digit of o?
4
Let v(d) = 2*d + 5 + 0*d + 4. What is the units digit of v(0)?
9
Let f(w) = w**3 + w - 1. Let o(r) = -r**3 + 5*r**2 - 4*r + 6. Let k(t) = 2*f(t) + o(t). What is the units digit of k(-4)?
8
Let q = 7 - 4. Let z be -2*(4 + 3/q). What is the units digit of (6/z)/((-1)/5)?
3
Let w = 84 - 27. Let n = -37 + w. Let d = 29 - n. What is the units digit of d?
9
Let l(x) = x**3 - x**2 - x + 34. Let m be l(0). Suppose 35 + m = 3*a. What is the units digit of a?
3
Suppose -5*n + 8*n - 201 = 0. What is the tens digit of n?
6
Let q(m) = -7*m**3 - 18*m**2 - 3*m + 19. Let r(x) = 3*x**3 + 9*x**2 + x - 9. Let u(t) = 4*q(t) + 9*r(t). What is the tens digit of u(8)?
3
Suppose -k + 4*m = -8, k + 2 = 2*k - 2*m. Let v = k + 7. Let l = 1 + v. What is the units digit of l?
4
Suppose 3*m - 17 = -3*l + 2*m, -4*l = -2*m - 6. Suppose -10*b + 180 = -l*b. What is the tens digit of b?
3
Suppose -x + 0*x + 2 = 0. Suppose -2*p + x = -3*h - 4, 4*p + 2*h = 44. What is the units digit of p?
9
Suppose s - 5 = -0*s. Suppose 0*c = -s*c + 95. What is the units digit of c?
9
Suppose -2*h + 67 = h + 2*k, 0 = -2*h - 3*k + 48. What is the units digit of h?
1
Let y be -1 + (9 - 0/(-3)). Suppose -s + 2*o = -y, 0 = -2*s - 6*o + 3*o + 51. What is the tens digit of s?
1
Let n = 250 - 172. Let m = n + -49. What is the tens digit of m?
2
Suppose -2*b + 3*b - 63 = 5*c, -98 = -b - 2*c. What is the units digit of b?
8
Suppose -20 = -2*u - 5*w, 0 = -0*w - 4*w + 16. Let y(j) = j - 4. Let o be y(8). Let v = o + u. What is the units digit of v?
4
Let r(n) = n**2 - n + 4. What is the tens digit of r(-4)?
2
Suppose 3*o - 65 - 4 = -5*z, 5*z = -4*o + 67. What is the tens digit of z?
1
Let t = -3 + 13. Suppose -j = -t - 8. What is the tens digit of j?
1
Let f be (-2)/(-7) + 38/14. Let r(k) = k + 2. What is the units digit of r(f)?
5
Let v = 26 + -15. Suppose 4*m + 0*h = -3*h + v, m = -3*h - 4. What is the units digit of m?
5
Suppose -4*o - 8 = 0, -4*i - i + o + 52 = 0. Let q = 28 - i. What is the units digit of q?
8
Suppose -10*d + 16*d = 1746. What is the tens digit of d?
9
Let h be (-2)/5 - (-204)/10. Suppose -3*c + h = -c. What is the units digit of c?
0
Let l(z) = 31*z**2 + 4*z + 2. What is the hundreds digit of l(-2)?
1
Let j(x) = x**3 + x**2 - x - 6. Let l be j(0). Let o(n) = -n**3 - 6*n**2 + n + 3. Let q be o(l). What is the units digit of 9/4 - q/(-12)?
2
Let a = -5 - -5. Let j(t) = -t + 4. Let d be j(a). Suppose -2*u + 3*m + 5 + 1 = 0, 0 = m - d. What is the units digit of u?
9
Suppose 8 = -4*u, -r + 2*u - 88 = -3*r. What is the tens digit of r?
4
Suppose 0*t - 4*t - 2*z + 234 = 0, 0 = -z + 1. What is the units digit of t?
8
Let o(d) = d**2 - 6*d - 23. What is the hundreds digit of o(-9)?
1
Suppose -355 = -r - x, 2*x = 3*r - x - 1047. What is the hundreds digit of r?
3
Let t be 0 - (-70 + (-2)/(-2)). Let g = t - 37. What is the tens digit of g?
3
Let l = 79 - 17. What is the units digit of l?
2
Suppose -2*i - 2*i + 472 = 0. What is the units digit of i?
8
Let q = -1 - -5. Suppose q*h - 51 = 5*m, h - 73 = -4*h - 3*m. What is the tens digit of h?
1
What is the units digit of 47 + 4/((-4)/(-3))?
0
Let j be (-4)/((-3)/(-12)*1). Let i be (-33)/(-4) - (-4)/j. Let k = i + -1. What is the units digit of k?
7
Let o(u) = -u - 2. Let h be o(-6). Suppose -h*x - 33 + 3 = -5*d, 3*d - 5*x - 18 = 0. What is the units digit of d?
6
Suppose 2*b - 13 = 1. Suppose -4*x = -b*x - 12. What is the units digit of (6 + x)*(1 - -1)?
4
Suppose 5*u - 2*u - 6 = 0. Suppose f = -u*f + 75. What is the tens digit of f?
2
Suppose 35 = v - 34. What is the units digit of v?
9
Suppose 2*z + 96 = -2*z. What is the units digit of z/(-1)*2/3?
6
Let w(r) = r + 4. Let m(v) = 2*v + 6. Let j(u) = 5*m(u) - 8*w(u). Let k be j(4). Suppose 2 = 4*a - k. What is the units digit of a?
2
What is the units digit of -1*(12 + -3)*-8?
2
Let p = 3 - 0. Suppose 6*a = p*a + 27. What is the units digit of a?
9
Suppose -5 = -2*i + 3. Suppose 0 = -d - 3*q + 17, -2*d + 22 = -d + i*q. Suppose -d*r + r = -11. What is the tens digit of r?
1
Let f = 122 + -46. What is the units digit of f?
6
Suppose -5*o = 4*f - 182, 4*o - 158 = -0*o + 3*f. What is the units digit of o?
8
Let h(f) = f - 27. Let s be h(9). Let d = 20 + 5. Let p = d + s. What is the units digit of p?
7
Let i(s) = -s**3 + 3*s**2 + 5*s - 6. Let b be i(4). Let f = b + 3. Suppose -f = -h + 2. What is the units digit of h?
3
What is the tens digit of (-12)/8*(-34)/3?
1
Let b(x) = 7*x**2 + 13*x - 5. Let t be (-1)/(-2) + 22/4. Let h(c) = c**2 + c - 1. Let w(o) = t*h(o) - b(o). What is the units digit of w(-5)?
9
Let y(p) = -p**2 - 7*p + 2. Let k be y(-7). Suppose 3*r = 4*o - 41, 2*r + 20 = -k*o + o. What is the units digit of r/(-4) - 1/(-4)?
3
Let h = 21 - -23. What is the tens digit of h?
4
Suppose -2*a + 6 = -0*a. What is the units digit of (-2)/(a + (3 - 7))?
2
Let d(h) = -h**2 - 7*h + 10. Let y be d(-8). Let p be (-4)/(-3*y/3). Let c(r) = r**3 - 2*r**2 + 2*r - 2. What is the units digit of c(p)?
2
Suppose 3*t - 280 = -t. Suppose 2*w - 3*r - 14 = w, -t = -5*